 the remainder when 164 is divided by z(-21).
2
Let c = 40 + 67. Suppose 0 = -5*u, -c = -4*r - 5*u + 301. Let h = -37 + 63. What is the remainder when r is divided by h?
24
Let r(s) = -s**3 + 2*s**2 - s + 2. Let i be r(0). Suppose -4*a = i*p - 334, 0 = 5*a - 3*p - 358 - 54. What is the remainder when a is divided by 12?
11
What is the remainder when 67 is divided by -2 - 3/3 - (-29 - -12)?
11
Let y(d) = d**3 - 8*d**2 - 23*d + 34. What is the remainder when 43 is divided by y(10)?
3
Let b be (-80)/12 + (-2)/6. Let r = 0 - b. Let g(j) = 5*j**2 - 17*j - 21. Calculate the remainder when g(5) is divided by r.
5
Let a(g) = 2*g**2 - 52*g + 18. What is the remainder when a(28) is divided by 115?
15
Suppose 5*w - 5*k - 15 - 365 = 0, 2*w + 3*k = 162. Suppose 3*s = -3 + w. Let l = 135 - 62. What is the remainder when l is divided by s?
23
Let r(a) = a**2 - 8*a + 8. Let m be r(5). Calculate the remainder when 57 is divided by (40/m)/(12/7 - 2).
17
Let i(a) = 16*a**2 + 16*a + 6. What is the remainder when i(-6) is divided by 49?
45
Let d(w) = -w**3 + 4*w**2 - 2*w - 1. Let z = 10 + -7. Let x be d(z). Suppose 10 - 22 = -x*o. Calculate the remainder when o is divided by 4.
2
Let x = 1334 - 947. Calculate the remainder when x is divided by 123.
18
Let a(f) = -f**3 - 33*f**2 - 4*f + 17. Calculate the remainder when a(-33) is divided by 19.
16
Let r = 113 - -783. Calculate the remainder when r is divided by 20.
16
Let z be 5 + -2 + -4*1. Calculate the remainder when (2/4)/(z/(-20)) is divided by 7.
3
Calculate the remainder when 196 is divided by (-1)/3 + -18 + 1360/30.
7
Calculate the remainder when (4901/(-65) + 9)/(4/(-10)) is divided by 39.
10
Let l(y) = -2*y**3 + 34*y**2 + 39*y - 26. Calculate the remainder when l(18) is divided by 1 - ((-14)/(-1))/(-2).
4
Let w(c) = -4*c - 9. Let j be w(-4). Let y = j + 15. Suppose -5*o - 3*b + 315 = 0, -3*o - 2*b + 47 = -142. Calculate the remainder when o is divided by y.
19
Let j(k) = k**3 + 9*k**2 + 25. Calculate the remainder when 461 is divided by j(-9).
11
Suppose -3*a - a + 560 = 0. What is the remainder when a is divided by ((-165)/(-10))/(-3)*-6 + 3?
32
Suppose -k - 34 = -2*q, 5*q - 4*k = -50 + 135. Let n = -15 + q. What is the remainder when 44 is divided by (-2 - (-5)/n)*24?
8
Suppose -15 + 7 = -4*v. Suppose -2*j + 4*w - 6 = -w, 2*j - 4*w = -v. Calculate the remainder when 82 is divided by j.
5
Suppose -6*p - 4*r = -5*p - 128, 5*p + 5*r - 700 = 0. What is the remainder when p is divided by 32?
16
Suppose -4*x = -20, 213 = 3*k + 3*x - 180. Suppose 0 = 2*j, -4*j + 41 = g - 2*j. Let s = -9 + g. Calculate the remainder when k is divided by s.
30
Suppose 0*d + 515 = 5*t + 5*d, -4*d - 182 = -2*t. What is the remainder when t is divided by 10?
9
Suppose -2*a - 2*a = 8. What is the remainder when 42 is divided by 1 + 9 + (-5)/5*a?
6
Let q = -263 - -456. What is the remainder when q is divided by 33?
28
Let l = -956 + 988. What is the remainder when 335 is divided by l?
15
Let k = -65 + 76. Suppose -3*a - k = -p, 0*p + 4*a = 2*p - 18. Calculate the remainder when 13 is divided by p.
3
Let w(s) = 128*s**3 - 3*s**2 + 7*s - 5. Calculate the remainder when w(1) is divided by 66.
61
Suppose 31*a - 33*a = -34. What is the remainder when 82 is divided by a?
14
Let i be (62/7)/((-8)/(-56)). Let t = i + -19. Calculate the remainder when t is divided by ((-32)/(-3))/((-2)/(-3)).
11
Let u(f) = f**2 + 9*f + 11. Let j be u(-8). Suppose -3*o - 9 = j*d, -2*d + 3*o = -0*d - 19. Calculate the remainder when 32 is divided by 4 + (-2 - -3) + d.
4
Suppose 461 - 356 = 3*y. What is the remainder when 69 is divided by y?
34
Let q be 10/2 + (-4 - 0/7). What is the remainder when (q - -4)*1/5*53 is divided by 22?
9
Let p = 106 - 99. What is the remainder when ((-10)/(-15))/((-2)/(-138)) is divided by p?
4
Suppose 44 = -s + 253. Suppose -3*z + z + 4*d + 206 = 0, -2*z + d + s = 0. What is the remainder when z is divided by 36?
33
Suppose -49 = -8*v - 33. Suppose 69 = 5*s + v*x, 3*s - 19 = 2*s - 3*x. Calculate the remainder when 62 is divided by s.
10
Suppose -3*p + 5*o = -42, -6*o - 70 = -5*p - 5*o. What is the remainder when 1510 is divided by p?
12
Suppose -2*q - 25 = 3*q, 4 = 2*x + 2*q. Calculate the remainder when (-1 + 0)/(-1)*27 is divided by x.
6
Suppose 26*s - 1496 = 9*s. What is the remainder when s is divided by 26?
10
Suppose 0 = -5*q + 28 + 37. Let i(s) = 3*s**2 - 3*s - 2. Let k be i(-1). Calculate the remainder when 720/21 + k + 6/(-21) is divided by q.
12
Let d be 2 - 5/(5/(-3)). Suppose -d*l + 83 = 2*h, -2*l - 5*h = -43 - 7. Calculate the remainder when 28 is divided by l.
13
Suppose 0 = 4*m - 5*r - 92, 5*m + 3*r = -r + 156. Let b be 2 - (2/(-5) + (-434)/(-35)). Let a = b + 20. What is the remainder when m is divided by a?
8
Suppose 3*l + 104 = 16*l. What is the remainder when 16 is divided by l?
0
Let g(o) = -11*o - 110. What is the remainder when 61 is divided by g(-12)?
17
Suppose 5 = 5*f - 15. Suppose 4*z + 312 = 8*z + f*s, 4*z - 297 = -s. What is the remainder when z is divided by 25?
23
Let j = -7 + 11. Suppose a - 19 - 13 = -j*q, -2*a - 17 = -q. Suppose -6 = 2*p - 8*o + 12*o, p = 5*o + 25. Calculate the remainder when q is divided by p.
4
Suppose 48*w - 46*w - 3*v = 130, -4*w + v = -280. What is the remainder when 709 is divided by w?
70
Calculate the remainder when 4/(-14) + 1344624/763 is divided by 34.
28
Let i = 352 - -283. What is the remainder when i is divided by 91?
89
Let y(u) be the third derivative of 1/6*u**4 + 0 + 0*u + 5/6*u**3 - 2*u**2. What is the remainder when y(2) is divided by 3?
1
Let x be (20/(-8))/((-2)/20). Suppose b = -7 + x. Calculate the remainder when 33 is divided by b.
15
Suppose u - 85 = -u + 5*m, m = -u + 25. Suppose 3*o - 19 = 5*l, 3*o - o - u = -l. Calculate the remainder when 25 is divided by o.
12
Suppose 84 = 3*b - 4*p - 86, 2*b = p + 120. Calculate the remainder when 125 is divided by b.
1
Let o = 351 - 296. What is the remainder when o is divided by 53?
2
Suppose -165 = -4*b + b. Calculate the remainder when b + (-3)/(3/(-4)) is divided by 31.
28
Suppose 4*j + 37 = 5*x, 2*j + 3*x + 35 = -0*j. Let g = -9 - j. Suppose 4*c = -4*a + 64, -g*a + 6 = -2*c + 44. Calculate the remainder when 49 is divided by c.
15
Let i = -302 + 156. Let o = i - -235. What is the remainder when o is divided by 23?
20
Let w = -6 - -8. Let m be (-28)/(-5) + w/5. Suppose -m*o = -o - 45. Calculate the remainder when o is divided by 2.
1
Let n(b) = 7*b**2 + 3*b + 13*b**2 - 11 - 19*b**2. Calculate the remainder when 66 is divided by n(-7).
15
Let k = -15 + -6. Let s(h) = -5*h - 48. Calculate the remainder when s(k) is divided by 12.
9
Suppose s + 37 = 2*s. Suppose -2*l + 4*k = -6*l + 360, -3*l + k + 270 = 0. Suppose 50 = 7*p - l. Calculate the remainder when s is divided by p.
17
What is the remainder when (-1 - (-2 + -70))*1 is divided by -4 + (-1)/(((-42)/(-246))/(-7))?
34
Suppose 11*q - 5569 = 987. What is the remainder when q is divided by 50?
46
What is the remainder when (-28)/112 - (255/(-12) - -1) is divided by 7?
6
Suppose 13*a = 18*a - 20. Let h be (0 + 0)*8/(-24). What is the remainder when (-14)/(0 + -1 + h) is divided by a?
2
Let a = 35 - 36. Let s(t) = -13*t**3 + t**2 + 2*t + 1. What is the remainder when s(a) is divided by 3?
1
Suppose -5*m + 2*m = -2*n + 2, -3*m + 12 = 0. Let p(i) = i**2 + 13*i + 5. Let f be p(-11). Calculate the remainder when n is divided by 2/(-5)*(f + 7).
3
Let l = 315 + -296. Calculate the remainder when 40 is divided by l.
2
Let c = 149 + -138. Let t(q) = -q**3 + 8*q**2 + 3*q - 8. Let f be t(8). Calculate the remainder when 4/((-30)/f + 2) is divided by c.
10
Calculate the remainder when 162 is divided by (-5)/((-630)/14) - (-800)/9.
73
Let c be (-2335)/(-6) + 85/30 + -3. Let s = c + -209. Calculate the remainder when s is divided by 46.
42
What is the remainder when 706 is divided by -3*(7 - -206)*10/(-45)?
138
Let c(k) = -2*k - 4. Let m be c(-4). Suppose 0 = -m*z + 12. Suppose z*j - 6*y + y - 18 = 0, -3*y - 35 = -4*j. What is the remainder when 19 is divided by j?
8
Let j(h) = 2*h**2 + 5*h + 5 - 5*h**2 + 2*h**2. Let n be j(5). Suppose -46 = -n*m + 34. What is the remainder when 46 is divided by m?
14
Suppose -51 = k - 4*k. What is the remainder when 387 is divided by k?
13